git of t?
6
Let f be 12/(-8) - 30/48*12. What is the hundreds digit of 2/f - 1*(-44244)/81?
5
Suppose 0 = k + 25 - 33. Let y(v) = 66*v - 16. What is the hundreds digit of y(k)?
5
Let x(f) = 16*f + 38. Let z be x(-2). Suppose 290 = 3*t - z*p + p, 5*t - p - 454 = 0. What is the units digit of t?
0
Let v = -34 - -36. Let s be (-1 - 1)*(18/12 - v). What is the units digit of 2*-1 + 1*(s + 100)?
9
Let s(a) = a**2 - a - 3. Suppose -u = -4, 3*g + 8 = -g - u. Let o be s(g). Suppose -o = 2*r - 251. What is the tens digit of r?
2
Suppose -5*p + 5*n - 270 = 0, 13 = 3*n + 1. What is the tens digit of (-5)/p - (-77190)/100?
7
Let b(n) = -4*n**3 + 5*n**2 + 5*n - 5. Let j be b(5). Let u = 451 + j. What is the units digit of u?
6
Let l be (-4 - -4)/(-5) - 55. Let d(u) = 22*u + 4. Let o be d(1). Let j = o - l. What is the units digit of j?
1
Let z = 221 - 217. Let n(d) = 8*d**3 + d**2 + 4*d + 2. What is the tens digit of n(z)?
4
Suppose 2*d - 18345 = 7237. What is the thousands digit of d?
2
Let g = 8389 + -5127. What is the thousands digit of g?
3
What is the hundreds digit of -8 + (0 - 0) + 1*1354?
3
Let o = -264 + 228. What is the hundreds digit of ((-2712)/o)/(3/9)?
2
Let u = 30 + -1. Suppose 24 = -x + u. Suppose -x*l + 104 = -266. What is the tens digit of l?
7
Let k = -7 + 4. Let l(i) be the first derivative of -13*i**2/2 + 12*i - 180. What is the tens digit of l(k)?
5
Let w(j) = -472*j + 9219. What is the units digit of w(-44)?
7
Let a = -12685 - -42389. What is the tens digit of a?
0
Let c(x) = -13*x**3 - 8*x**2 + 12*x + 2. Let m(z) = 2*z**3 + 2*z**2 - z + 1. Let p(k) = -c(k) - 7*m(k). Let s = -18 + 11. What is the units digit of p(s)?
5
Let n = 65368 + -10397. What is the units digit of n?
1
Suppose 101 = -8*n + 125. What is the tens digit of (11/33 - (-5)/n)*47?
9
Let h be (4 - 16/4)/1. Let b be (49/(h - -1))/(26/364). Suppose 7*i = 119 + b. What is the units digit of i?
5
Let n be ((-3946)/(-18))/1 + (-6)/27. Let y = n - 161. What is the units digit of y?
8
Let r(o) = 4*o**2 + 300*o - 215. What is the thousands digit of r(-83)?
2
Suppose 2*a + 20 = 6*a - 5*k, -4*a + 20 = -k. Suppose -6*n - a*n + 440 = 0. What is the units digit of n?
0
Suppose u = 26*a - 30*a + 143, a - u - 42 = 0. Suppose 58208 = -5*s + a*s. What is the hundreds digit of s?
8
Suppose 4*k + 6 = 5*i + 533, i - 1 = 0. Suppose 5*h - y = -k, -4*h + 2*y - 14 = 96. Let s = 41 + h. What is the units digit of s?
5
Let x be (9 - 4)*-1*1 + 4. Let d = -66 + 66. What is the units digit of d/(-14) - (x + -10)?
1
Let j(x) = 2*x**2 - x - 4. Let s be j(-3). Suppose 5*z = -3*b + 973, 1259 = -13*b + s*b - z. What is the units digit of b?
6
Let b be (-18)/(-4)*(-2)/(-3). Suppose b*t - 33 = -21. Suppose -2*f + 42 = 5*x, 0 + t = x. What is the units digit of f?
1
Let c(x) be the first derivative of x**4/4 + 3*x**3 - x**2/2 - 7*x + 9. Let v be c(-9). What is the tens digit of 5/60*267 + v/(-8)?
2
Suppose -12 = -u - 2*u. Suppose 0 = -2*g + 3 + 1. Suppose 3*z = -g*z + 3*c + 338, u*c = 4*z - 272. What is the units digit of z?
7
Let c be 49/21 + (-4)/3. Suppose -3*z + c = -5. Suppose 3*m = z*m + 71. What is the tens digit of m?
7
Suppose -22*a + 19*a + 5*o = -183098, a = -o + 61022. What is the hundreds digit of a?
0
Let d = -29479 + 38859. What is the hundreds digit of d?
3
Let d = -107 - -70. Let g = -34 - d. What is the tens digit of 86*(g - (-5)/(-2))?
4
Let n = 213 + -240. Let x(j) = j**2 + 4*j + 1. What is the hundreds digit of x(n)?
6
Suppose 0 = 2*t - 28*t - 234. What is the tens digit of (-4 - t) + (-1 - -2*71)?
4
Let n = 1036 + 2624. What is the thousands digit of n?
3
Suppose 2*z = 4*b - 814, -3*z + 0 - 9 = 0. Let v = b - 116. Let u = -18 + v. What is the tens digit of u?
6
Suppose 2*v - 2*k - 2032 = 0, 3*v + 11*k = 7*k + 3048. What is the thousands digit of v?
1
Let t = 35556 - 23779. What is the units digit of t?
7
Let x(o) = 510*o**2 - 31*o - 147. What is the hundreds digit of x(-4)?
1
Suppose 0 = 5*u + 15, 3*u = -36*h + 33*h + 38649. What is the ten thousands digit of h?
1
Let k(b) = 167*b - 6. Let x be k(2). Let n = x - 216. What is the hundreds digit of n?
1
Suppose 3*m = -o - 16, -3*o - 4*m - 24 = o. Let u(r) = r + 1. Let q(s) = -17*s + 5. Let t(b) = o*q(b) - 4*u(b). What is the units digit of t(8)?
5
Suppose -5*k + 24*p = 27*p - 74324, 14857 = k - 2*p. What is the tens digit of k?
6
Let j(z) = 110*z**2 + 6*z + 144. What is the tens digit of j(-7)?
9
Let l be (9 + -5)*(-118)/(-4). Let j = l + 35. What is the tens digit of j?
5
Let o = -146 - -134. What is the units digit of (-4 + (-2)/(-2))*1424/o?
6
Let j = 1634 + -843. Suppose -4*i = 0, 3*r - j - 289 = -5*i. What is the tens digit of r?
6
Suppose 5*x + 4*k - 10101 = 0, 3*k = 4*x - 3064 - 5054. What is the thousands digit of x?
2
Suppose -96 = 27*r - 35*r. Let o be ((-5536)/(-48))/(2/r). Suppose -4*l + 533 = 3*c, 4*l + o = 3*c + c. What is the units digit of c?
5
Let t = 0 + -6. Let x = t - -10. Let k(d) = 2*d**3 - 7*d**2 - 4*d + 9. What is the units digit of k(x)?
9
Let f(w) be the first derivative of w**4/4 - 13*w**3/3 - 18*w**2 + 66*w - 29. What is the hundreds digit of f(17)?
6
Let n(t) = -645*t**3 - 9*t**2 + 96*t + 393. What is the ten thousands digit of n(-4)?
4
Suppose 170*l = 121*l + 502985. What is the tens digit of l?
6
Let x = -1705 + 3957. What is the hundreds digit of x?
2
Let s = -489 - -804. What is the units digit of s?
5
Let g be (5 + 92/(-16))*-4. Suppose -2*z + 568 = m - 114, 4*z = g*m - 2036. What is the tens digit of m?
8
Suppose -6*a + 10*a = 0. Suppose -2*z + 1 = 2*v - 13, v + 1 = a. Suppose z*y - 240 = -4*y. What is the units digit of y?
0
Suppose 2*d - 36 = -0*d. Suppose -d*s + 64 = -14*s. Suppose 2*j + 6 = 5*j, s = 2*v - 4*j. What is the units digit of v?
2
Let f be 0 + 6/(-1 - 1/(-3)). Let a = 37 + f. Suppose 32*j - a*j = 212. What is the tens digit of j?
5
Let b(j) = 2187*j**2 - 57*j + 7. What is the units digit of b(-2)?
9
Let n be 7 + -5 - (-3)/3. Suppose -919 = -5*k - 4*o, n*k - o + 367 = 5*k. What is the tens digit of k?
8
Suppose -300*w + 7529184 = -50*w + 166*w. What is the thousands digit of w?
8
Let y(j) = 82*j**3 + 24*j**2 + 12*j - 89. What is the tens digit of y(10)?
3
Suppose -3917*b + 125914 - 597616 = -3938*b. What is the units digit of b?
2
Let d(n) = -n**3 + 13*n**2 - 10*n + 8. Let i be d(12). What is the units digit of (-2)/i*-8*1490?
5
Let h(x) = 17*x**2 + 110*x - 3861. What is the thousands digit of h(48)?
0
What is the thousands digit of 8 + (1568*-16)/(-4)?
6
Suppose -23*u = -20*u - 5625. What is the thousands digit of u?
1
Suppose k + 4*l + 5 = 24, 3*l = 3*k - 57. Suppose -m + k = -44. What is the units digit of m?
3
Suppose 0 = 197*v - 190*v + 21. Let b = 150 + v. What is the hundreds digit of b?
1
Suppose 0 = -r - 23. Suppose 5*k + 20 = -4*a + 3*a, -2*k + 3*a = -9. Let q = k - r. What is the units digit of q?
0
Suppose -3 = m, -2*o - 32519 = 5*m - 197342. What is the thousands digit of o?
2
Suppose 19666 = 3*q + 4*r, 2*q = -4*q - 4*r + 39352. What is the thousands digit of q?
6
Let j be (-165)/(-30) - (-3)/(-2). Suppose 2*h + 56 = -5*o - 19, h = -j*o - 60. What is the units digit of 5/(o/(-6)) + 177?
9
Suppose -792 = 5*z + 68. Let d be ((-10368)/45)/4 + 6/10. Let f = d - z. What is the tens digit of f?
1
Suppose -4*q - 8 = 0, 0*q + 15 = d - 4*q. Let c(t) = 17*t**2 + d*t**3 + 0*t**3 - 6*t**3 - 21*t - 10. What is the tens digit of c(-18)?
4
Suppose -15*b = -842 - 148. What is the hundreds digit of 12496/b*(1 + 2)?
5
Let q be 76/16 - 54/72. Let b(s) = 83*s**2 - s. Let c be b(2). Suppose -5*w = 2*r - c, -q*w - r = 3*r - 264. What is the units digit of w?
6
Let q(d) = -d**3 + 8*d**2 + 93*d + 6. Suppose 8 = -4*p - 5*v, -2*v + 1 = p - 0. What is the units digit of q(p)?
0
Let t be 2/(2 - (-3)/(-2)). Suppose -t*v = -0*v. Suppose 10*c - 14*c + 204 = v. What is the tens digit of c?
5
What is the units digit of (-150)/(-1950) + (-411878)/(-13)?
3
Let k be 2 + (-11)/(55/(-490)). Suppose 2*x - 313 = -3*i, 5*i - 5*x - k = 430. Suppose 2*a + 2*h = -3*h + 67, -3*h = 3*a - i. What is the tens digit of a?
3
Let b = 19524 - 13562. What is the units digit of b?
2
Suppose 1474104 = -220*i + 271*i. What is the units digit of i?
4
Suppose -7*a = -10*a + 3*b + 40359, -3*b = -5*a + 67257. What is the ten thou